3*c + 0*c - 5*c - 4 - c**3. Calculate n(-3).
-7
Suppose 4*y = v + 17, 0 = -4*y + v + 2*v + 27. Let c(l) = l**2 - l. Determine c(y).
6
Let l(a) be the second derivative of a**4/6 - a**3/3 - a**2 + 3*a. Let g be (-6)/(-3) + -1 + 1. Give l(g).
2
Let s(m) = m**2 - 2*m + 3. Let c(t) = -2*t + 3. Let u be c(2). Let y be ((-2)/u)/2 + 2. Determine s(y).
6
Let r(j) = -j**2 - 2*j - 2. Suppose 2*i + 15 - 7 = 0. Calculate r(i).
-10
Let f(s) = s**3 - 3*s**2 - 4*s + 9. Let h be f(4). Let t(m) = m**2 - 5 + h - 2*m**2 - m. Give t(0).
4
Let w(z) = -9*z - 6. Let m(g) = -g - 5. Let i be m(0). Let j(l) = 8*l + 5. Let y(u) = i*j(u) - 4*w(u). Give y(-1).
3
Suppose 11*v = 8*v + 18. Let g(q) be the third derivative of q**6/120 - q**5/12 - q**4/3 + 3*q**3/2 - q**2. What is g(v)?
-3
Suppose 0*f + o - 3 = -4*f, 4*f - 3*o - 7 = 0. Let a(g) = -2*g**2 + 5*g + 4. Let u(s) = s**2 - s - 1. Let k(j) = f*a(j) + 4*u(j). Give k(-2).
6
Let a(z) = -2*z. Let x(o) = 92*o. Let p(u) = -88*a(u) - 2*x(u). Let y be 3/1 + -3 + -7 + 6. Give p(y).
8
Suppose -3*y + 1 = -8. Let b(i) be the first derivative of i**4/4 - 4*i**3/3 + 5*i**2/2 - 4*i - 1. Determine b(y).
2
Let s(i) = -4*i - 4*i - 6 + 6*i. Suppose 4*x + 2*v + 22 = 0, 0 = 3*x - 5*x - 5*v - 23. Determine s(x).
2
Let y(g) = -5*g**3 + g - 4*g**2 + 6 + 6*g**3 - 2. What is y(3)?
-2
Let f(q) be the first derivative of q**3/3 - 9*q**2/2 + 11*q + 34. Calculate f(8).
3
Let s(r) = r**3 + 5*r**2 - 2*r - 7. Let y be (15/6)/((-4)/8). What is s(y)?
3
Let r = 14 - 19. Let w(v) = v + 3. What is w(r)?
-2
Let w(t) = -t - 5. Let g be (1/3)/(11/198). Suppose -3*j = -o - 7, -4*j = 3*o - g*j + 14. What is w(o)?
-1
Let v(c) = -2*c + 1 - 5 + 3. Determine v(-4).
7
Let n(v) = -2*v**2 + 25*v + 2. Let t(i) = i**2 - 13*i - 1. Let o(z) = -6*n(z) - 11*t(z). Give o(6).
-7
Let b(n) = -n**3 - 5*n**2 + 6*n + 9. Let j be (2/4)/((-4)/48). What is b(j)?
9
Let h(o) be the second derivative of -1/4*o**4 - 4*o + 1/2*o**2 + 0 + 1/20*o**5 - 1/6*o**3. Give h(3).
-2
Suppose -k = -16 + 12. Let t(o) = -o**3 + 5*o**2 - 4*o - 1. Determine t(k).
-1
Let c(o) = -20*o - 18. Let q(u) = -7*u - 6. Let z(p) = 6*c(p) - 17*q(p). Calculate z(-4).
-2
Let s(r) = -r**2 + 5*r + 2. Suppose -p = -3*p + 4. Suppose -2*c + 8 = p. Give s(c).
8
Let o(f) = f**2 + 6*f - 5. Let x(p) = -p. Let i(a) = o(a) + 4*x(a). Suppose -2*j + 0*j = 10. Give i(j).
10
Let t(j) = -j - 12. Let r be t(-6). Let a(h) = -h + 2. Let g be a(-6). Let p be (-4)/r + g/6. Let y(x) = x**3 - 5*x**2 + x. Calculate y(p).
-10
Let j(c) = c + 1. Let i(v) = -2*v**3 - 2*v**2 - v. Let k be i(-1). Let f be j(k). Let d(t) = -13 + 15 + f*t - 3*t. Determine d(0).
2
Suppose -m + 25 = -3*m + 5*n, 35 = -4*m + 5*n. Let s(j) = 2*j - 3. What is s(m)?
-13
Let r(f) be the second derivative of f**5/4 + f**3/6 + f**2/2 - 12*f. Give r(-1).
-5
Let k = -8 - -4. Let m be (-6)/((-7)/(14/k)). Let r(u) = u**3 + u**2 - 2*u + 4. What is r(m)?
-8
Let d = 16 - 14. Let w(m) = -m**3 + 2. Give w(d).
-6
Let q(w) be the third derivative of 0 + 0*w**4 + 0*w - 1/120*w**6 + 7/3*w**3 - 4*w**2 + 0*w**5. Calculate q(0).
14
Let k = -32 - -32. Let n(h) = -h + 13. Determine n(k).
13
Let o(c) = 2*c + 3. Let s be 64/28 + (-4)/14. Let d = s + 3. Suppose -2*b - 25 = -d*f, 9 = -4*b - f - 8. Give o(b).
-7
Let x(w) = 5 + 4*w - 2*w - 3. Let y be (0 + -1)/((-3)/(-12)). Give x(y).
-6
Suppose -j - j = 10. Let c(m) = m**3 - 3*m**2 - 7*m + 6. Let z(p) = -p**3 + 3*p**2 + 8*p - 7. Let u(q) = j*c(q) - 4*z(q). Calculate u(2).
8
Let v(f) = -16*f**3 - 2*f**2 + 46*f - 4. Let a(q) = -3*q**3 + 9*q - 1. Let c(l) = -11*a(l) + 2*v(l). Let i be (10/(-8))/((-2)/8). Calculate c(i).
-7
Let a(o) = -2*o + 4. Let m = 18 - 13. Give a(m).
-6
Let d(i) be the second derivative of -i**6/120 + i**5/10 - 5*i**4/24 + i**3/3 + 2*i**2 - 2*i. Let q(p) be the first derivative of d(p). What is q(5)?
2
Suppose b = 5 + 2. Let j(s) = b + 2*s + 3 - 9. What is j(4)?
9
Let t = 6 + -3. Let b = t - -2. Let z(g) = -g + 5. Give z(b).
0
Let h(i) be the first derivative of -i**2/2 - 3*i - 1. Let v = 93 - 99. Let g(o) = -1. Let z(y) = v*g(y) + h(y). Determine z(0).
3
Let y = -4 - 23. Let p be y/33 - (-4)/(-22). Let d(i) be the third derivative of -i**6/30 + i**4/24 + i**3/6 + 2*i**2. What is d(p)?
4
Let f(a) = -a + 3. Let q be 1/(-5) - 11/(-5). Let x be 3 + (q - 2)/2. What is f(x)?
0
Let r(h) = 2*h**2 - h - 1. Let a(m) = -11*m**2 + 19*m + 19. Let z(j) = -a(j) - 6*r(j). Give z(-9).
23
Let p(f) be the third derivative of -f**6/120 - 7*f**5/60 - 5*f**4/24 - 2*f**3/3 + f**2. Let l be (8/(-10))/((-4)/(-30)). Give p(l).
-10
Let r(h) = -h + 10. Let d(q) = -q**3 + 6*q**2 + 9*q - 8. Let m be d(7). Calculate r(m).
4
Suppose 2*u = -u + 24. Let l be 2*2*(-2)/u. Let a(d) = 35*d + 5*d**2 - 70*d + 37*d + 1. Give a(l).
4
Let r be -1 + (6/3 - 3). Let y = 0 + 2. Let c(t) = 3 - 5*t**2 + 5*t**2 + y*t - t**3. Determine c(r).
7
Let p(a) = -a - 4. Let i(t) = -3*t + 35. Let k be i(11). Calculate p(k).
-6
Let o(a) = -3*a - a**2 + 2 - 2 - 3*a - 1. Suppose 0*j + 12 = -3*j. What is o(j)?
7
Let o(t) be the third derivative of -8*t**2 + 1/60*t**5 + 0 + 0*t - 3/8*t**4 + 2/3*t**3. Give o(8).
-4
Let d be (2 + 0)/(0 - 1). Let n(q) = 2*q**2 + 2*q. Give n(d).
4
Let t = -51 + 55. Let o(j) = -6*j + 3. What is o(t)?
-21
Let r(v) = -v**2 + 2*v**2 + 2*v + 7 - 9*v. Determine r(5).
-3
Let s(t) = -2*t**2 + 2*t + 1. Suppose 19 = 19*v - 19. Calculate s(v).
-3
Let u(b) = -b**3 - 7*b**2 - 8*b + 3. Let j be u(-6). Suppose j = s + 4*s. Let l(r) = 2 - s - r**2 + 4 - r. Give l(-3).
-3
Let m(w) = -w**3 - 10*w**2 - 8*w + 4. Let i = -27 + 18. Let u be m(i). Let v = u + 7. Let f(o) = -3*o + 1. Determine f(v).
-5
Let p(j) = 4*j + 37. Let x be p(-9). Let g be ((-2)/(-4))/(2/8). Let i(c) = 0*c**3 + x - g*c**2 - 4*c**3 + 3*c**3. Give i(-1).
0
Let j = 13 + -20. Let m(z) = z**2 + 7*z + 8. What is m(j)?
8
Suppose -3*p = p. Let f(d) = -7*d**2 - 7*d + 4. Let s(a) = -6*a**2 - 6*a + 4. Let n(l) = 5*f(l) - 6*s(l). Give n(p).
-4
Let x(b) be the first derivative of 2*b**3/3 + b**2 - b + 5. Suppose c - 2 = s, 3*c - 7 = c + 3*s. Let l = c + 2. What is x(l)?
3
Suppose 2 = -5*a + 17. Suppose a = -4*f + 15. Let w(t) = -3 - 2*t + t**2 - t + t**2. What is w(f)?
6
Let m(p) = -3 - 4*p**2 + 2*p**2 + 6*p**2 - 3*p**3 + 2*p**3. What is m(3)?
6
Let y(r) be the third derivative of -r**4/24 + 7*r**3/3 - 10*r**2. Determine y(7).
7
Let g(o) = o**2 - 3*o - 5. Let h be 8*(-6)/8*1. Let b(i) = i**3 + 11*i**2 - 12*i - 10. Let w be b(-12). Let k = h - w. Give g(k).
-1
Let v(b) = b**2 - 4*b + 2. Suppose o + 1 = 4. Let p = 7 - o. Determine v(p).
2
Let m(c) = c - 2. Let a(v) = v - 1. Let y(p) = 7*a(p) - 6*m(p). Give y(-12).
-7
Let v(f) be the second derivative of 3*f**5/20 + f**4/6 - f**3/3 + f**2/2 + f. Let k = -14 - -16. Suppose k*h + 3*h = 5. Determine v(h).
4
Let b = 2 + 1. Suppose b*d = d - 2. Let t(f) be the first derivative of f**2/2 + 1. Determine t(d).
-1
Let k(m) be the third derivative of m**5/60 + m**4/6 + 3*m**2 - 6. Let i = -2 - 3. Determine k(i).
5
Suppose -51*l = -47*l. Let f(q) = q**2 + 11. Determine f(l).
11
Let w(q) = 7 - 6*q**2 + 4*q**2 - 3 + q**2 + 8*q. Let y be w(4). Suppose -3*m + 7*m + y = 0. Let g(i) = -i - 7. Calculate g(m).
-2
Let z = 8 + -4. Let o(p) be the second derivative of 1/12*p**4 + 5*p + 0 - 1/2*p**3 - 1/2*p**2. What is o(z)?
3
Let h(g) = g + 1. Suppose -14*z = -9*z - 15. Determine h(z).
4
Let d(f) = 3*f - 9*f + 0*f + 8*f + 1. Let w be (-1)/1*-2*1. What is d(w)?
5
Let i be 3 - 3/9*0. Suppose 0*u = -i*u + 12. Let d(y) = 2 - y**2 - 2 + 2 - 4*y**2 - u*y - y**3. Give d(-4).
2
Let f(t) = t**3 - 5*t**2 + 5*t - 3. Let c be f(4). Let w be (25/(-15))/(c/(-3)). Let l(v) = v**3 + 2*v - 1 + v + 3 - w*v**2. What is l(4)?
-2
Let m(x) = -7*x**2 - x. Let w(g) = -g**2 + 11*g + 3. Let r be w(11). Let a(j) = j - 2. Let h be a(r). Determine m(h).
-8
Let n(s) = s + 9. Let h be n(-6). Suppose 4*f = -h*c + 4*c - 1, 5*c - 5 = -4*f. Let i(d) = -2*d**2 + 2*d - 1. Calculate i(c).
-1
Let l(x) = 0*x - 8 + x**2 - 10*x + 2 + 5. Give l(10).
-1
Let k(c) = c**2 + c + 1. Let v(w) = w**2 - w. Let z(j) = -9*j**2 + 2*j - 5. Let q(m) = -4*v(m) - z(m). Let u(g) = 6*k(g) - q(g). Calculate u(-5).
6
Let k be (1 - 2) + 0 + -2. Let n be 2/5*(6 + -1). Let i(o) = -13*o - o**n - 2 + 7*o - 1. Give i(k).
6
Let w(o) = -3*o + o**3 + 1 - 2 + 1 - 2.